{"id":71,"date":"2016-08-24T17:44:38","date_gmt":"2016-08-24T17:44:38","guid":{"rendered":"http:\/\/waldkircher.vipeworks.de\/?page_id=4"},"modified":"2023-04-30T18:05:03","modified_gmt":"2023-04-30T18:05:03","slug":"uber-uns","status":"publish","type":"page","link":"https:\/\/brennerei-waldkircher.de\/?page_id=71","title":{"rendered":"\u00dcber uns"},"content":{"rendered":"\t\t<div data-elementor-type=\"wp-page\" data-elementor-id=\"71\" class=\"elementor elementor-71\">\n\t\t\t\t\t\t<section class=\"elementor-section elementor-top-section elementor-element elementor-element-b421e1d elementor-section-boxed elementor-section-height-default elementor-section-height-default\" data-id=\"b421e1d\" data-element_type=\"section\">\n\t\t\t\t\t\t<div class=\"elementor-container elementor-column-gap-default\">\n\t\t\t\t\t<div class=\"elementor-column elementor-col-100 elementor-top-column elementor-element elementor-element-5e2a180\" data-id=\"5e2a180\" data-element_type=\"column\">\n\t\t\t<div class=\"elementor-widget-wrap elementor-element-populated\">\n\t\t\t\t\t\t<div class=\"elementor-element elementor-element-40fe91d elementor-widget elementor-widget-heading\" data-id=\"40fe91d\" data-element_type=\"widget\" data-widget_type=\"heading.default\">\n\t\t\t\t<div class=\"elementor-widget-container\">\n\t\t\t\t\t<h2 class=\"elementor-heading-title elementor-size-default\">Tradition seit mehr als 120 Jahren<\/h2>\t\t\t\t<\/div>\n\t\t\t\t<\/div>\n\t\t\t\t\t<\/div>\n\t\t<\/div>\n\t\t\t\t\t<\/div>\n\t\t<\/section>\n\t\t\t\t<section class=\"elementor-section elementor-top-section elementor-element elementor-element-3a015d6d elementor-section-boxed elementor-section-height-default elementor-section-height-default\" data-id=\"3a015d6d\" data-element_type=\"section\">\n\t\t\t\t\t\t<div class=\"elementor-container elementor-column-gap-default\">\n\t\t\t\t\t<div class=\"elementor-column elementor-col-100 elementor-top-column elementor-element elementor-element-5a9acf1e\" data-id=\"5a9acf1e\" data-element_type=\"column\">\n\t\t\t<div class=\"elementor-widget-wrap elementor-element-populated\">\n\t\t\t\t\t\t<div class=\"elementor-element elementor-element-93360dc elementor-widget__width-initial elementor-widget elementor-widget-image\" data-id=\"93360dc\" data-element_type=\"widget\" data-widget_type=\"image.default\">\n\t\t\t\t<div class=\"elementor-widget-container\">\n\t\t\t\t\t\t\t\t\t\t\t\t\t\t\t<img fetchpriority=\"high\" decoding=\"async\" width=\"500\" height=\"336\" src=\"https:\/\/brennerei-waldkircher.de\/wp-content\/uploads\/2016\/08\/6.jpg\" class=\"attachment-full size-full wp-image-9\" alt=\"\" srcset=\"https:\/\/brennerei-waldkircher.de\/wp-content\/uploads\/2016\/08\/6.jpg 500w, https:\/\/brennerei-waldkircher.de\/wp-content\/uploads\/2016\/08\/6-300x202.jpg 300w\" sizes=\"(max-width: 500px) 100vw, 500px\" \/>\t\t\t\t\t\t\t\t\t\t\t\t\t\t\t<\/div>\n\t\t\t\t<\/div>\n\t\t\t\t\t<\/div>\n\t\t<\/div>\n\t\t\t\t\t<\/div>\n\t\t<\/section>\n\t\t\t\t<section class=\"elementor-section elementor-top-section elementor-element elementor-element-db7b61c elementor-section-boxed elementor-section-height-default elementor-section-height-default\" data-id=\"db7b61c\" data-element_type=\"section\">\n\t\t\t\t\t\t<div class=\"elementor-container elementor-column-gap-default\">\n\t\t\t\t\t<div class=\"elementor-column elementor-col-100 elementor-top-column elementor-element elementor-element-a10c8cc\" data-id=\"a10c8cc\" data-element_type=\"column\">\n\t\t\t<div class=\"elementor-widget-wrap elementor-element-populated\">\n\t\t\t\t\t\t<div class=\"elementor-element elementor-element-1945118 elementor-widget elementor-widget-text-editor\" data-id=\"1945118\" data-element_type=\"widget\" data-widget_type=\"text-editor.default\">\n\t\t\t\t<div class=\"elementor-widget-container\">\n\t\t\t\t\t\t\t\t\t<p>Seit mehr als 120 Jahren und mittlerweile in der vierten Generation werden bei uns auf dem Hof aus verschieden Fr\u00fcchten mit modernster Technik edle Br\u00e4nde und Lik\u00f6re\u00a0<span style=\"color: var( --e-global-color-text ); font-family: var( --e-global-typography-text-font-family ), Sans-serif; font-size: var( --e-global-typography-text-font-size ); font-style: var( --e-global-typography-text-font-style ); font-weight: var( --e-global-typography-text-font-weight ); letter-spacing: var( --e-global-typography-text-letter-spacing ); text-transform: var( --e-global-typography-text-text-transform );\">hergestellt.<\/span><\/p><p>In dieser Zeit wurde unser Sortiment immer mehr erweitert. Die Kunst und das Wissen wurden stets vom Vater an den Sohn weiter gegeben, so auch von meinem Vater Johann an mich. Diese Eigenschaften wurden in speziellen Kursen erweitert und vertieft.<\/p><p>Damit wir nur beste Destillate und Lik\u00f6re herstellen k\u00f6nnen verwenden wir nur gesunde, reife Fr\u00fcchte. Qualit\u00e4t und Sauberkeit ist daher unser oberstes Gebot.<\/p><p>Im Herbst werden bei uns diverse verschiedene\u00a0 Fr\u00fcchte mit besonderer Sorgfalt eingemaischt und nach dem G\u00e4rprozess nach bestem Wissen und Gewissen destilliert.<\/p><p>Anschliessend werden unsere Destillate in verschiedenen Beh\u00e4ltnissen wie Edelstahltanks, Korbflaschen und Holzf\u00e4ssern eingelagert bis sie ihre volle Reife erlangt haben. Nach der Lagerung werden unsere Destillate in verschiedene Flaschen abgef\u00fcllt und zum Verkauf angeboten.<\/p>\t\t\t\t\t\t\t\t<\/div>\n\t\t\t\t<\/div>\n\t\t\t\t\t<\/div>\n\t\t<\/div>\n\t\t\t\t\t<\/div>\n\t\t<\/section>\n\t\t\t\t<\/div>\n\t\t","protected":false},"excerpt":{"rendered":"<p>Tradition seit mehr als 120 Jahren Seit mehr als 120 Jahren und mittlerweile in der vierten Generation werden bei uns auf dem Hof aus verschieden Fr\u00fcchten mit modernster Technik edle Br\u00e4nde und Lik\u00f6re\u00a0hergestellt. In dieser Zeit wurde unser Sortiment immer mehr erweitert. Die Kunst und das Wissen wurden stets vom Vater an den Sohn weiter [&hellip;]<\/p>\n","protected":false},"author":1,"featured_media":194,"parent":0,"menu_order":0,"comment_status":"closed","ping_status":"closed","template":"","meta":{"footnotes":""},"class_list":["post-71","page","type-page","status-publish","has-post-thumbnail","hentry"],"_links":{"self":[{"href":"https:\/\/brennerei-waldkircher.de\/index.php?rest_route=\/wp\/v2\/pages\/71","targetHints":{"allow":["GET"]}}],"collection":[{"href":"https:\/\/brennerei-waldkircher.de\/index.php?rest_route=\/wp\/v2\/pages"}],"about":[{"href":"https:\/\/brennerei-waldkircher.de\/index.php?rest_route=\/wp\/v2\/types\/page"}],"author":[{"embeddable":true,"href":"https:\/\/brennerei-waldkircher.de\/index.php?rest_route=\/wp\/v2\/users\/1"}],"replies":[{"embeddable":true,"href":"https:\/\/brennerei-waldkircher.de\/index.php?rest_route=%2Fwp%2Fv2%2Fcomments&post=71"}],"version-history":[{"count":11,"href":"https:\/\/brennerei-waldkircher.de\/index.php?rest_route=\/wp\/v2\/pages\/71\/revisions"}],"predecessor-version":[{"id":472,"href":"https:\/\/brennerei-waldkircher.de\/index.php?rest_route=\/wp\/v2\/pages\/71\/revisions\/472"}],"wp:featuredmedia":[{"embeddable":true,"href":"https:\/\/brennerei-waldkircher.de\/index.php?rest_route=\/wp\/v2\/media\/194"}],"wp:attachment":[{"href":"https:\/\/brennerei-waldkircher.de\/index.php?rest_route=%2Fwp%2Fv2%2Fmedia&parent=71"}],"curies":[{"name":"wp","href":"https:\/\/api.w.org\/{rel}","templated":true}]}}